 divide 1724148?
True
Is 12 a factor of 330744?
True
Does 127 divide 6982719?
False
Is 100 a factor of 194406?
False
Does 5 divide 1961950?
True
Is 80 a factor of 100240?
True
Does 6 divide 21889?
False
Does 92 divide 221078?
False
Is 372900 a multiple of 11?
True
Does 96 divide 1211983?
False
Is 453689 a multiple of 473?
False
Is 2629 a multiple of 10?
False
Does 20 divide 591720?
True
Is 82 a factor of 38783?
False
Is 21 a factor of 47481?
True
Does 4 divide 8905?
False
Is 124 a factor of 1144168?
False
Is 70698 a multiple of 32?
False
Does 3 divide 18579?
True
Is 11 a factor of 3281234?
True
Does 345 divide 1272360?
True
Is 2277594 a multiple of 66?
True
Is 20869 a multiple of 15?
False
Does 109 divide 46107?
True
Is 401 a factor of 372930?
True
Does 8 divide 21572?
False
Is 46 a factor of 169694?
True
Is 13 a factor of 20076851?
False
Does 26 divide 61204?
True
Is 89 a factor of 1061571?
False
Does 369 divide 529415?
False
Does 27 divide 137808?
True
Does 665 divide 2303706?
False
Is 252506 a multiple of 3?
False
Does 407 divide 316024?
False
Is 1176054 a multiple of 618?
True
Does 73 divide 7261954?
False
Is 137 a factor of 822274?
True
Is 656630 a multiple of 13?
True
Is 16 a factor of 1770128?
True
Is 14 a factor of 50554?
True
Does 5 divide 979206?
False
Is 614040 a multiple of 84?
True
Does 53 divide 4730?
False
Is 27 a factor of 9477?
True
Does 200 divide 270885?
False
Is 23822 a multiple of 36?
False
Is 16 a factor of 1632?
True
Does 92 divide 1349548?
True
Is 9898372 a multiple of 1012?
True
Does 110 divide 382800?
True
Does 22 divide 79969?
False
Is 17287398 a multiple of 1919?
False
Is 11 a factor of 5945055?
False
Does 2492 divide 18856964?
True
Is 1087515 a multiple of 165?
True
Is 261 a factor of 61857?
True
Is 78 a factor of 584064?
True
Is 3212456 a multiple of 184?
True
Is 204 a factor of 661192?
False
Does 851 divide 2082485?
False
Is 1333446 a multiple of 207?
False
Is 131615 a multiple of 47?
False
Is 392 a factor of 399448?
True
Is 1972106 a multiple of 385?
False
Is 129 a factor of 675444?
True
Is 4 a factor of 6308?
True
Is 1184960 a multiple of 70?
True
Does 64 divide 115328?
True
Is 45 a factor of 1288433?
False
Is 24823 a multiple of 103?
True
Is 138 a factor of 236302?
False
Does 61 divide 78375?
False
Is 9808605 a multiple of 145?
False
Does 127 divide 310261?
True
Does 18 divide 5988393?
False
Is 480 a factor of 1125120?
True
Is 852696 a multiple of 39?
True
Is 9 a factor of 980646?
False
Is 586936 a multiple of 4?
True
Is 133710 a multiple of 30?
True
Does 23 divide 1162903?
True
Is 1141952 a multiple of 35?
False
Is 40 a factor of 185491?
False
Does 244 divide 2457568?
True
Does 142 divide 160318?
True
Is 59 a factor of 904175?
True
Is 51 a factor of 205071?
True
Does 349 divide 457205?
False
Is 687558 a multiple of 6?
True
Does 84 divide 193636?
False
Does 14 divide 812665?
False
Does 52 divide 12862579?
False
Is 179 a factor of 66588?
True
Does 9 divide 21616?
False
Is 4757077 a multiple of 1509?
False
Is 5323515 a multiple of 60?
False
Is 204030 a multiple of 6?
True
Does 6 divide 347185?
False
Is 225 a factor of 672975?
True
Does 2 divide 973614?
True
Does 83 divide 1702662?
True
Is 39590 a multiple of 3?
False
Is 1111 a factor of 939906?
True
Is 26589117 a multiple of 59?
True
Is 145 a factor of 8671756?
False
Is 6886 a multiple of 25?
False
Does 14 divide 19105584?
False
Is 5698532 a multiple of 43?
True
Is 660747 a multiple of 188?
False
Is 14 a factor of 63672?
True
Is 95164 a multiple of 4?
True
Is 770 a factor of 18859610?
True
Is 192700 a multiple of 47?
True
Is 101230 a multiple of 21?
False
Is 7 a factor of 3807716?
False
Does 440 divide 656040?
True
Is 162 a factor of 51030?
True
Is 1437625 a multiple of 775?
True
Is 70 a factor of 254660?
True
Does 68 divide 1775166?
False
Does 79 divide 225095?
False
Is 46 a factor of 26436?
False
Is 55890 a multiple of 414?
True
Does 66 divide 3926776?
False
Is 339950 a multiple of 13?
True
Does 4 divide 190168?
True
Does 8 divide 4608007?
False
Does 38 divide 10260?
True
Is 18 a factor of 34030843?
False
Is 87 a factor of 983622?
True
Is 1183231 a multiple of 43?
True
Does 32 divide 216061?
False
Does 3 divide 1544167?
False
Is 11 a factor of 1809365?
False
Does 38 divide 462670?
False
Is 60390 a multiple of 122?
True
Is 70 a factor of 13851156?
False
Is 11 a factor of 76894?
False
Is 50 a factor of 619800?
True
Is 155232 a multiple of 12?
True
Is 13261 a multiple of 7?
False
Is 38496 a multiple of 8?
True
Does 167 divide 80632?
False
Does 184 divide 530840?
True
Does 380 divide 415738?
False
Is 340 a factor of 13074590?
False
Is 60 a factor of 425460?
True
Is 16066944 a multiple of 465?
False
Is 99325 a multiple of 20?
False
Is 151 a factor of 887233?
False
Is 250250 a multiple of 650?
True
Is 86 a factor of 42828?
True
Is 40 a factor of 3548920?
True
Does 2 divide 418597?
False
Does 20 divide 1165900?
True
Is 173 a factor of 1926562?
False
Is 232474 a multiple of 2?
True
Does 92 divide 16279768?
True
Does 6 divide 16673145?
False
Is 145320 a multiple of 3?
True
Does 102 divide 358646?
False
Is 8057805 a multiple of 11?
False
Does 61 divide 36600?
True
Does 5 divide 220?
True
Does 14 divide 187400?
False
Does 12 divide 4270848?
True
Is 17 a factor of 5801802?
False
Is 53742 a multiple of 39?
True
Is 9 a factor of 174402?
True
Is 4 a factor of 155970?
False
Is 2438731 a multiple of 103?
True
Is 8 a factor of 189551?
False
Does 8 divide 10890400?
True
Is 8 a factor of 1249729?
False
Is 14 a factor of 806820?
True
Does 17 divide 2592823?
True
Is 455 a factor of 1508780?
True
Is 4818242 a multiple of 374?
True
Is 3804994 a multiple of 3?
False
Is 5699228 a multiple of 242?
False
Does 10 divide 452950?
True
Is 187912 a multiple of 17?
False
Does 424 divide 817100?
False
Is 15 a factor of 7472310?
True
Does 113 divide 483688?
False
Is 1303640 a multiple of 299?
True
Is 127132 a multiple of 37?
True
Is 10324516 a multiple of 23?
True
Is 11 a factor of 150535?
True
Is 120 a factor of 140400?
True
Is 161573 a multiple of 52?
False
Does 134 divide 339675?
False
Is 1470041 a multiple of 30?
False
Is 171 a factor of 4079937?
False
Is 519792 a multiple of 408?
True
Is 779730 a multiple of 40?
False
Is 293817 a multiple of 11?
False
Is 56 a factor of 114441?
False
Does 56 divide 234584?
True
Is 56 a factor of 76832?
True
Is 768411 a multiple of 9?
True
Does 7 divide 53991?
True
Does 20 divide 11717360?
True
Does 4 divide 1668?
True
Is 158166 a multiple of 27?
True
Does 3 divide 158468?
False
Does 330 divide 4311450?
True
Does 221 divide 169949?
True
Is 342285 a multiple of 447?
False
Is 125 a factor of 5123159?
False
Does 2 divide 343?
False
Is 34866 a multiple of 22?
False
Does 766 divide 3767954?
True
Is 328 a factor of 444252?
False
Does 1045 divide 11436137?
False
Does 428 divide 3528432?
True
Does 3 divide 4086?
True
Is 254556 a multiple of 18?
True
Is 13918464 a multiple of 21?
True
Is 737952 a multiple of 12?
True
Is 36841 a multiple of 8?
False
Is 1644408 a multiple of 11?
False
Is 142 a factor of 3883523?
False
Is 398725 a multiple of 8?
False
Is 53 a factor of 2229728?
False
Is 78 a factor of 81198?
True
Does 28 divide 346612?
True
Is 44 a factor of 165870?
False
Does 54 divide 25057?
False
Does 96 divide 3299?
False
Does 221 divide 5274636?
False
Does 10 divide 76206?
False
Is 44 a factor of 318621?
False
Does 7 divide 36633?
False
Is 70 a factor of 1719118?
False
Is 110 a factor of 1145305?
False
Is 244441 a multiple of 99?
False
Is 630292 a multiple of 62?
True
Is 329 a factor of 376578?
False
Does 10 divide 4160988?
False
Is 46 a factor of 1854720?
True
Is 19 a factor of 267661?
False
Is 300 a factor of 6581400?
True
Does 88 divide 365200?
True
Is 553494 a multiple of 58?
True
Does 631 divide 463813?
False
Does 270 divide 42660?
True
Is 2632199 a multiple of 200?
False
Does 498 divide 414834?
True
Is 378 a factor of 553014?
True
Does 303 divide 502064?
False
Is 1329156 a multiple of 1191?
True
Is 30 a factor of 11182190?
False
Does 37 divide 154371?
False
Does 14 divide 145502?
True
Is 1343130 a multiple of 12?
False
Is 5 a factor of 394250?
True
Is 103 a factor of 45011?
True
Is 4 a factor of 39940?
True
Is 81 a factor of 470448?
True
Does 2 divide 241